s m(147)?
-24
Let g(n) = -66*n + 1165. Give g(14).
241
Let r(n) = 3*n**3 - 101*n**2 - n - 1121. What is r(34)?
1
Let d(s) = s**3 - 8*s**2 + s - 77. Determine d(7).
-119
Let v(z) = z**2 + 48*z + 142. What is v(-48)?
142
Let h(n) = -n**2 + 34*n - 79. Determine h(30).
41
Let t(q) = 1837*q + 49598. What is t(-27)?
-1
Let u(a) = a**2 - 81*a + 1541. Give u(51).
11
Let n(y) = -y**3 - 15*y**2 + 26*y - 69. What is n(-17)?
67
Let r(t) = -3*t - 189. Calculate r(18).
-243
Let w(t) = -536*t + 43416. Give w(81).
0
Let y(l) = -7*l**2 + 1128*l - 1286. Calculate y(160).
-6
Let q(f) = -2*f**2 + 140*f - 1305. Determine q(11).
-7
Let n(d) = -d**2 + 51*d + 6649. What is n(111)?
-11
Let w(f) = -33*f - 569. Calculate w(-14).
-107
Let a(m) = -m**3 - 47*m**2 + 37*m - 2862. Determine a(-49).
127
Let f(m) = 2*m**2 - 55*m + 37. What is f(27)?
10
Let q(s) = -638*s + 15317. Calculate q(24).
5
Let f(t) = -122*t + 380. Give f(3).
14
Let y(q) = 7*q**2 - 22. What is y(-3)?
41
Let m(j) = -54*j + 135. Calculate m(2).
27
Let p(j) = -j**2 + 7*j + 705. Determine p(31).
-39
Let x(d) = d**2 - 150*d + 4425. What is x(109)?
-44
Let b(x) = 6*x**2 - 586*x + 8217. What is b(17)?
-11
Let x(s) = 1693*s + 1686. Calculate x(-1).
-7
Let u(b) = -54*b - 415. Give u(4).
-631
Let d(z) = 13*z + 25. What is d(-14)?
-157
Let a(t) = -t**3 + 226*t**2 + 680*t + 1535. Determine a(229).
-68
Let r(t) = 2*t**3 + 8*t**2 + 13*t + 43. Determine r(-6).
-179
Let g(q) = 5*q**2 + 118*q - 1460. Determine g(11).
443
Let d(f) = -1408*f + 2817. Calculate d(2).
1
Let z(o) = o + 16. Calculate z(-20).
-4
Let f(o) = -268*o - 21456. Calculate f(-80).
-16
Let z(k) = -7*k**2 + 215*k - 134. Give z(30).
16
Let c(r) = 17*r - 292. Give c(13).
-71
Let b(a) = -a**3 - 19*a**2 - 66*a - 81. Calculate b(-15).
9
Let h(i) = -i**3 - 6*i**2 + 38*i - 25. Give h(-10).
-5
Let j(t) = -129*t - 1020. Determine j(-8).
12
Let r(b) = -b**3 - 27*b**2 - 30*b - 89. Determine r(-26).
15
Let z(h) = 9*h**3 + h**2 + 2*h - 14. Determine z(3).
244
Let z(l) = l**3 - 6*l**2 - 201*l + 1215. What is z(6)?
9
Let k(y) = -4*y**3 + 28*y**2 - 4*y + 16. Calculate k(7).
-12
Let n(i) = -i**3 - 3*i**2 + 3*i + 4. Calculate n(-3).
-5
Let n(f) = -273*f - 30294. Calculate n(-111).
9
Let l(p) = 2*p**2 + 51*p + 143. Give l(-23).
28
Let w(r) = -7836*r - 31349. Calculate w(-4).
-5
Let f(t) = -5*t**2 + 758*t + 293. Determine f(152).
-11
Let h(a) = -a**3 - 16*a**2 - 56*a + 2. What is h(-5)?
7
Let j(v) = -4*v**2 + 164*v - 7. Determine j(41).
-7
Let k(t) = -66*t - 374. Calculate k(-6).
22
Let m(g) = g**3 + 54*g**2 + 720*g + 1. Determine m(-30).
1
Let f(l) = -l**2 - 15*l + 391. Determine f(14).
-15
Let v(f) = -4*f**3 + 3*f**2 - 8*f + 13. Determine v(2).
-23
Let o(z) = z**3 - 14*z**2 - 117*z - 54. Calculate o(20).
6
Let u(l) = 2*l**3 - 99*l**2 + 43*l + 285. Calculate u(49).
-9
Let m(d) = -121*d - 1105. Give m(-9).
-16
Let u(q) = 134*q + 446. What is u(-3)?
44
Let u(o) = -10*o**2 + 40*o + 43. Give u(-1).
-7
Let w(a) = -161*a + 53. Calculate w(0).
53
Let k(p) = -31*p + 421. Give k(15).
-44
Let x(z) = -z**3 - 79*z**2 + 327*z - 404. Determine x(-83).
11
Let h(d) = 2*d**2 + 31*d + 104. Give h(-7).
-15
Let g(r) = 4*r**3 + 223*r**2 - 65*r - 475. What is g(-56)?
29
Let m(i) = -2*i**3 - 2*i + 167. Give m(0).
167
Let v(k) = -k**3 - 2*k**2 + 44*k - 65. What is v(4)?
15
Let g(z) = z**2 + 101*z - 653. Give g(6).
-11
Let t(j) = -j**2 - 61*j - 842. Calculate t(-21).
-2
Let i(l) = -13*l - 238. Give i(-40).
282
Let k(s) = 163*s - 8169. Calculate k(50).
-19
Let p(g) = 2*g**3 + 39*g**2 - 11*g + 236. What is p(-20)?
56
Let d(s) = 68*s - 1520. Calculate d(20).
-160
Let v(i) = 2*i**2 - 20*i - 344. What is v(19)?
-2
Let k(p) = p**2 - 125*p + 825. Calculate k(118).
-1
Let z(u) = -18*u**3 + 1907*u**2 + 95*u + 1174. Calculate z(106).
8
Let t(l) = 414*l + 246. Give t(-1).
-168
Let o(c) = -120*c - 5998. Give o(-50).
2
Let d(k) = -k**3 + 51*k**2 + 51*k + 76. What is d(52)?
24
Let b(y) = -1696*y - 23740. Determine b(-14).
4
Let t(p) = -6*p**2 + 116*p + 350. Determine t(22).
-2
Let m(i) = 2*i**3 - 6*i**2 + 6*i - 22. Determine m(3).
-4
Let s(v) = 3*v**2 - 282*v - 2100. Determine s(101).
21
Let j(t) = -41*t**2 + 372*t - 831. Determine j(4).
1
Let z(j) = j**3 + 4*j**2 + 41*j - 197. Determine z(5).
233
Let a(s) = -2*s**3 - 125*s**2 - 190*s - 419. Determine a(-61).
8
Let v(b) = -b**3 - 45*b**2 - 105*b - 797. Give v(-43).
20
Let n(t) = 20*t - 654. Give n(34).
26
Let y(x) = 2*x**3 - x**2 + 2*x + 87. Determine y(0).
87
Let i(r) = -495*r - 1429. What is i(-3)?
56
Let t(p) = 5*p**3 + 203*p**2 - 295*p - 12. Determine t(-42).
30
Let k(s) = 17*s + 232. Give k(-17).
-57
Let j(n) = 2*n**2 - 10*n - 104. Determine j(-16).
568
Let j(h) = -h**3 - 23*h**2 + 14*h + 293. Calculate j(-23).
-29
Let h(b) = -b**3 - 89*b + 398. What is h(4)?
-22
Let s(k) = -k**2 + 2*k - 59. Determine s(-17).
-382
Let o(t) = t**3 + 5*t**2 - 83*t - 349. Calculate o(-4).
-1
Let g(f) = 34*f**2 - 111*f + 24. Calculate g(3).
-3
Let p(s) = -2*s**2 - 23*s + 77. Calculate p(-15).
-28
Let j(u) = 4*u**2 - 65*u + 264. Give j(9).
3
Let v(h) = -77*h + 27953. Give v(363).
2
Let m(n) = n**3 + 9*n**2 + 4*n - 32. Calculate m(-8).
0
Let t(v) = -7664*v - 130288. Determine t(-17).
0
Let m(l) = -l**3 - 38*l**2 - 163*l + 24. Give m(-33).
-42
Let n(c) = -652*c - 3256. Calculate n(-5).
4
Let q(u) = -2*u**3 + 13*u**2 - 43*u - 2. What is q(6)?
-224
Let o(n) = -n**3 + 20*n**2 - 13*n - 89. Determine o(19).
25
Let y(c) = -c**3 + 8*c**2 + 835*c - 7439. Determine y(9).
-5
Let y(z) = -252*z**2 + 2020*z + 3. Calculate y(8).
35
Let r(t) = -t**3 + 208*t**2 + 1508*t - 646. Give r(215).
-1
Let q(c) = 2*c**2 + 1089*c + 8568. What is q(-8)?
-16
Let x(l) = 9*l**2 - 2*l - 5. What is x(3)?
70
Let l(x) = -61*x - 407. Calculate l(-6).
-41
Let f(k) = -k**3 - 6*k**2 - 5*k - 10. What is f(0)?
-10
Let v(q) = 120*q - 2256. Determine v(19).
24
Let z(v) = -65*v - 1144. Calculate z(-21).
221
Let t(i) = -i**2 - 90*i + 3716. Calculate t(30).
116
Let l(s) = -s**2 - 98*s - 2394. Calculate l(-48).
6
Let l(c) = -3*c - 27. Calculate l(-19).
30
Let s(f) = -261*f - 137. Calculate s(-4).
907
Let k(y) = 2*y**3 - 5*y**2 - 21*y + 22. What is k(-5)?
-248
Let r(q) = -8*q**3 - 8*q**2 - 11*q - 21. Give r(-3).
156
Let g(s) = -348*s + 5573. What is g(16)?
5
Let n(l) = 9*l**2 + 114*l + 376. Determine n(-5).
31
Let h(a) = -3*a**3 - 279*a**2 + 72*a + 6697. What is h(-93)?
1
Let g(w) = w**3 - 13*w**2 + 52*w. Calculate g(7).
70
Let l(a) = 84*a + 616. Calculate l(-6).
112
Let i(x) = 2*x**2 - 19*x + 33. What is i(7)?
-2
Let r(i) = i + 127. Give r(-35).
92
Let d(w) = -2*w**2 + 157*w + 1848. Give d(-11).
-121
Let l(k) = 5*k**2 + 54*k + 123. Give l(-3).
6
Let u(l) = -l**2 + 6*l + 5. Determine u(-4).
-35
Let w(i) = -3*i**3 - 46*i**2 - 21*i - 10. What is w(-15)?
80
Let b(u) = -3*u**2 - 129*u - 118. Give b(-42).
8
Let y(s) = s**2 + 15*s + 42. What is y(-5)?
-8
Let m(y) = 192*y + 6704. Determine m(-35).
-16
Let s(y) = -10*y - 6. Calculate s(6).
-66
Let z(k) = -k - 157. Calculate z(13).
-170
Let v(c) = 991*c + 7737. What is v(-8)?
-191
Let o(f) = 23*f**2 + 146*f + 2. Calculate o(-7).
107
Let y(a) = 3*a**3 + 36*a**2 + 35*a + 55. What is y(-11)?
33
Let w(y) = -y**2 + 46*y - 313. Give w(36).
47
Let s(h) = 8*h**3 - 129*h**2 + 14*h + 91. Give s(16).
59
Let u(i) = -1775*i - 5403. Determine u(-3).
-78
Let p(r) = -3*r**2 + r - 2. Determine p(2).
-12
Let m(n) = -n**3 - 46*n**2 - 53*n - 350. What is m(-45)?
10
Let v(b) = 7*b + 74. What is v(-9)?
11
Let l(y) = y**2 - 260*y - 14025. Calculate l(-46).
51
Let x(h) = -h**2 - 4*h + 104. Give x(-16).
-88
Let t(a) = a**3 - a**2 - 10*a - 6. What is t(-4)?
-46
Let s(k) = 47*k + 182. Give s(-4).
-6
Let u(a) = 2*a**2 + 194*a - 3653. Give u(-113).
-37
Let d(r) = -8*r**2 + 552*r - 1065. Determine d(67).
7
Let q(j) = 10*j - 209. Calculate q(20).
-9
Let r(m) = 20*m**2 + 81*m + 237. Give r(-3).
174
Let f(t) = 154*t + 19714. Give f(-128).
2
Let s(n) = -50*n + 412. What is s(0)?
412
Let u(k) = 15*k**2 - 46*k - 21. Calculate u(3).
-24
Let x(a) = -6*a**2 - 23*a + 382. What is x(-10)?
12
Let y(b) = 19*b**2 + 108*b + 7. Give y(-6).
43
Let m(i) = i**3 - 7*i + 244. Calculate m(0).
244
Let c(b) = -b**2 - 86*b + 775. Calculate c(8).
23
Let r(l) = -289*l - 1131. What is r(-4)?
25
Let a(p) = -p**3 + 5*p**2 - 151*p + 762. Cal